ainder when x(5) is divided by o.
1
Suppose -76*r - 231 = -83*r. Calculate the remainder when 36 is divided by r.
3
Suppose -14*b - 410 = -1348. What is the remainder when 197 is divided by b?
63
Let z be 120/(-15)*(-1)/2. Suppose z*v + v = 670. What is the remainder when v is divided by 34?
32
Let b(q) = 8*q**2 + 4*q + 1. Let d be b(-1). What is the remainder when (d + 198/(-6))*10/(-8) is divided by 6?
5
Suppose -30*s - 480 = -38*s. Suppose -2*z + 0*z + 42 = 0. What is the remainder when s is divided by z?
18
Let q = -48 + 15. Let n = q + 54. Calculate the remainder when n is divided by 12.
9
What is the remainder when 17 + 14/(-7)*(-4 + 3) is divided by 18?
1
Let k(d) = 34*d. Suppose 1800 = 110*x - 35*x. What is the remainder when k(2) is divided by x?
20
Calculate the remainder when (-2 - (-28)/8)*50 is divided by 5.
0
Let a be -2 + 4 + (-1 - -2). Suppose 0*w = w - a. Let k(p) = p**2 - p. Calculate the remainder when 21 is divided by k(w).
3
Let v(l) = 15*l**3 - 2*l**2 + l + 1. Suppose 3*r + 138*q - 137*q - 82 = 0, -5*q - 141 = -4*r. Calculate the remainder when v(2) is divided by r.
28
Let o = 2187 - 1570. Calculate the remainder when o is divided by 5.
2
What is the remainder when 72 is divided by (-21)/(-6)*136/14?
4
Let n(y) = 7*y - 7. Let j(k) = k + 14. Calculate the remainder when n(6) is divided by j(-5).
8
Let m = -12 + 14. Let n(r) = 7*r**3 - 4*r**2 - 2*r - 2. What is the remainder when n(m) is divided by 6?
4
Let z = 26 + -134. Let n = 133 + z. What is the remainder when n is divided by 13?
12
Let b be 0 + (-6 - -3) + 3. Suppose -12*k - 87 + 363 = b. What is the remainder when k is divided by 4?
3
Suppose 0 = k + 5, 0*i + 5*k = -i - 16. Suppose -77 = -i*p + 2*p. What is the remainder when 43 is divided by p?
10
Suppose 8*v + 3724 = 2*r + 6*v, 0 = -r - v + 1860. Calculate the remainder when r is divided by 19.
18
Let k(j) be the third derivative of 4*j**4/3 - 4*j**2. Suppose -p = -7*p + 72. What is the remainder when k(1) is divided by p?
8
Suppose -8*b = -6 - 26. What is the remainder when 13/(b/6 - (-1)/(-2)) is divided by 16?
14
Let a = 1684 - 908. What is the remainder when a is divided by 87?
80
Suppose -7511 + 7241 = -10*o. Suppose -48 - 27 = -5*r. What is the remainder when o is divided by r?
12
Let j = 85 + -68. What is the remainder when 30 is divided by j?
13
Let z(h) = h**3 + 12*h**2 - 5*h + 20. Suppose 8*s - 3*s - r + 56 = 0, -4*s = -5*r + 28. Calculate the remainder when z(s) is divided by 21.
17
Calculate the remainder when 254 is divided by (294/(-63) + 1/(-3))/(-1).
4
Let y(n) = 19*n**3 + n + 1. Let x be y(-1). Let s = x - -38. Let b = 25 - s. Calculate the remainder when b is divided by 4.
2
Let y = -99 - -111. What is the remainder when 24 is divided by y?
0
Suppose 2 = y, 2 = -2*f - 3*y + 4. Calculate the remainder when 29 is divided by (44/(-6 - f))/(-1).
7
Suppose -4*x = -3*l - 34, -13 = -4*x + 4*l + 23. Let f = 42 - 28. Let c = f - x. What is the remainder when 27 is divided by c?
6
Suppose -9 + 51 = 3*t. Suppose -y + 794 = 2*n + 3*y, 3*n = 2*y + 1159. What is the remainder when n is divided by t?
11
Let z be -30 - -1 - (-5 + 3). Let d = z - -31. Calculate the remainder when 14 is divided by d.
2
Let o be 4/18 - (-1370)/(-90). Let r = o + 50. What is the remainder when 139 is divided by r?
34
Let v(q) = q**2 - q - 1. Let r(a) = 4*a**2 - a - 10. Let t(y) = -r(y) + 5*v(y). Calculate the remainder when 1/(-1) + 102/9*6 is divided by t(6).
16
Let m(h) = -2*h**3 - 5*h**2 + h + 1. Suppose 100 = s + s. Let t = 70 - s. Calculate the remainder when t is divided by m(-3).
6
Let b = -78 + 110. What is the remainder when (b/24)/(4/93) is divided by 7?
3
Let n(b) = 2*b**2 + 16*b - 9. Let p(l) = l**2 + 8*l - 4. Let a(x) = -3*n(x) + 5*p(x). Calculate the remainder when 41 is divided by a(-7).
13
Let z(w) = -w**3 - 14*w**2 - 14*w - 11. Let d be z(-13). What is the remainder when 6 is divided by (15/6)/(1/d)?
1
Suppose 4 = -i - 2*l, 4*i - 20 = l - 0. Suppose m + 37 = 4*k, -i*k + 4 = 3*m - 45. Calculate the remainder when 13 is divided by k.
3
Suppose -16 + 106 = 5*z. Let q = -1543 - -1649. Calculate the remainder when q is divided by z.
16
Let f(r) = -4*r - 1. What is the remainder when (-20 - 35/5)*(-24)/9 is divided by f(-5)?
15
Suppose 28 = 3*g - 11. Let s = g - 6. What is the remainder when 17 is divided by s?
3
Let x be 5/(10/16)*3/(-6). Suppose -3*p + m + m + 148 = 0, 3*p = 3*m + 153. What is the remainder when p is divided by (-147)/(-9) + x/12?
14
Suppose -3*p - p + 136 = 0. Let u(q) = -q**2 - 3*q + 16. What is the remainder when p is divided by u(-4)?
10
Let j be (-32)/(-6) + 8/(-24). Suppose 5*i + j*k - 235 = 0, 0 = 5*i + k + 3*k - 236. Calculate the remainder when i is divided by 13.
9
Let r = 219 - 82. Let n = 150 - r. Calculate the remainder when 35 is divided by n.
9
Let p(f) = f**3 + 3*f**2 - 12*f - 2. Calculate the remainder when p(-4) is divided by (6/2)/((-3)/(-11)).
8
Suppose 2*r + 14 = 46. Suppose 2*f - 2 = 0, 5*f + 7 = 3*g + 3*f. Suppose -3*j = -4*j - 2*c + 58, 2*j - g*c = 123. What is the remainder when j is divided by r?
12
What is the remainder when 2/(-8)*-278 - (-15)/(-10) is divided by 10?
8
Let k(c) = -c - 5. Let h be k(4). Suppose 14 = 3*q - 5*x, 5*q + 4*x + x - 90 = 0. Calculate the remainder when q is divided by 8 - 3/(-9)*h.
3
Suppose -5*i = 2*h + 5, -5*i + 22 = -5*h - 8. What is the remainder when 109 is divided by i*2*-2 - 115/(-5)?
14
Suppose -14*u - 1772 = -2136. Calculate the remainder when u is divided by -4*-2*(-10)/(-16).
1
Let s(t) = t**2 - 8*t + 5. Let m be s(5). What is the remainder when (-1484)/m - (-6)/(-15) is divided by 30?
28
Suppose -552 = -62*u + 50*u. What is the remainder when 161 is divided by u?
23
Suppose 0 = 31*g - 36*g + 295. What is the remainder when g is divided by 16?
11
What is the remainder when 1385 is divided by 6/(-4) - (-9)/(72/100)?
10
Suppose 0*h - 2*h = 2*h. Suppose -x + 4*x + 32 = 2*r, 4*r + x - 64 = h. What is the remainder when 57 is divided by r?
9
Suppose -4*h + 30 = 3*d, d - 5*d - 4*h = -40. What is the remainder when -3 - (-83 + 12/4) is divided by d?
7
Suppose -8*c + 10*c - 34 = 0. Let p be 1 - (-297)/(-6)*2. What is the remainder when p/(-3) + (-1)/(-3) is divided by c?
16
Let z = -12 + 13. Let w(r) = 6*r**3 - r. Let h be w(z). Suppose 0 = 5*b + y - 46, -5*y + 48 = h*b - 2*y. What is the remainder when 35 is divided by b?
8
Let z(x) = x**2 + 12*x + 25. Let g be z(-15). Suppose -4*k + 38 = -g. Calculate the remainder when k is divided by 15.
12
Suppose 7*n - 392 = 3*n + 2*k, 2*n + 5*k = 208. Suppose -3*a - 109 = h, -a + 3*h - 33 = -0*a. Let g = n + a. What is the remainder when g is divided by 33?
30
Let b(y) = -2*y**2 - 2*y + 6. Let o be b(-3). Let x be (-2)/(-3) - 74/o. Let l(s) = s - 10. What is the remainder when l(x) is divided by 3?
0
Let y = -44 + 55. What is the remainder when y is divided by 4?
3
Suppose 5*o - 50 = -5*o. Suppose -c + 4*c + 145 = o*n, -4*n + 116 = -c. Let a(w) = w**2 - w + 2. What is the remainder when n is divided by a(3)?
5
Suppose -5*z + 10*z = 0. Suppose -h = -i + 2*i - 27, z = -4*i. What is the remainder when h is divided by 16?
11
Suppose -3*j - 411 = -3*m, -7*m - j - 542 = -11*m. Let z = -86 + m. What is the remainder when z is divided by 19?
11
Suppose 238*a - 1603 = 231*a. What is the remainder when a is divided by 58?
55
Let w be (0/(-3 + 1))/(-1 + 4). Suppose 0 = -2*n - 8, -4*c + w*c = -5*n - 32. What is the remainder when c is divided by 1?
0
Suppose -168*z + 163*z - 2*k = -2111, -1696 = -4*z + 2*k. What is the remainder when z is divided by 17?
15
Let r be -3 - (-266 - (-6)/(-3)). Let q = r + -170. Calculate the remainder when q is divided by 33.
29
Let w(j) = -j**2 - 20*j + 23. What is the remainder when 107 is divided by w(-18)?
48
Suppose 0 = -7*j + 8*j - 66. What is the remainder when j is divided by 3?
0
Suppose 77 - 59 = 9*w. What is the remainder when 36 is divided by w?
0
Suppose -4*n + 5*x = -80, x + 1 - 5 = 0. Calculate the remainder when 447 is divided by n.
22
Let y = 70 + -27. Let l = 53 - y. What is the remainder when 28 is divided by l?
8
Suppose -5*b + 8*b - 4*i - 277 = 0, b - 2*i - 91 = 0. Calculate the remainder when b is divided by 11.
7
Let j = 10 + 77. What is the remainder when j is d